{"id":7795,"date":"2025-06-27T16:43:33","date_gmt":"2025-06-27T19:43:33","guid":{"rendered":"https:\/\/www.cocal.com.br\/?post_type=informativo&#038;p=7795"},"modified":"2025-06-30T08:08:55","modified_gmt":"2025-06-30T11:08:55","slug":"cocal-marca-presenca-no-geo-day-2025-evento-voltado-ao-setor-de-energia-biogas-e-biocombustiveis","status":"publish","type":"informativo","link":"https:\/\/www.cocal.com.br\/en\/informativo\/cocal-marca-presenca-no-geo-day-2025-evento-voltado-ao-setor-de-energia-biogas-e-biocombustiveis\/","title":{"rendered":"Cocal marca presen\u00e7a no Geo Day 2025, evento voltado ao setor de energia, biog\u00e1s e biocombust\u00edveis"},"content":{"rendered":"","protected":false},"author":7,"featured_media":7796,"template":"","meta":{"_acf_changed":false},"categoria_de_informativo":[38],"class_list":["post-7795","informativo","type-informativo","status-publish","has-post-thumbnail","hentry","categoria_de_informativo-nosso-negocio"],"acf":[],"yoast_head":"<!-- This site is optimized with the Yoast SEO plugin v27.4 - https:\/\/yoast.com\/product\/yoast-seo-wordpress\/ -->\n<title>Cocal marca presen\u00e7a no Geo Day 2025, evento voltado ao setor de energia, biog\u00e1s e biocombust\u00edveis - Cocal<\/title>\n<meta name=\"robots\" content=\"index, follow, max-snippet:-1, max-image-preview:large, max-video-preview:-1\" \/>\n<link rel=\"canonical\" href=\"https:\/\/www.cocal.com.br\/en\/informativo\/cocal-marca-presenca-no-geo-day-2025-evento-voltado-ao-setor-de-energia-biogas-e-biocombustiveis\/\" \/>\n<meta property=\"og:locale\" content=\"en_US\" \/>\n<meta property=\"og:type\" content=\"article\" \/>\n<meta property=\"og:title\" content=\"Cocal marca presen\u00e7a no Geo Day 2025, evento voltado ao setor de energia, biog\u00e1s e biocombust\u00edveis - Cocal\" \/>\n<meta property=\"og:url\" content=\"https:\/\/www.cocal.com.br\/en\/informativo\/cocal-marca-presenca-no-geo-day-2025-evento-voltado-ao-setor-de-energia-biogas-e-biocombustiveis\/\" \/>\n<meta property=\"og:site_name\" content=\"Cocal\" \/>\n<meta property=\"article:modified_time\" content=\"2025-06-30T11:08:55+00:00\" \/>\n<meta property=\"og:image\" content=\"https:\/\/cocal-institucional-prd.s3.sa-east-1.amazonaws.com\/app\/uploads\/2025\/06\/GEO02168-_1_-1.webp\" \/>\n\t<meta property=\"og:image:width\" content=\"3595\" \/>\n\t<meta property=\"og:image:height\" content=\"2397\" \/>\n\t<meta property=\"og:image:type\" content=\"image\/webp\" \/>\n<meta name=\"twitter:card\" content=\"summary_large_image\" \/>\n<meta name=\"twitter:label1\" content=\"Est. reading time\" \/>\n\t<meta name=\"twitter:data1\" content=\"1 minute\" \/>\n<script type=\"application\/ld+json\" class=\"yoast-schema-graph\">{\"@context\":\"https:\\\/\\\/schema.org\",\"@graph\":[{\"@type\":\"WebPage\",\"@id\":\"https:\\\/\\\/www.cocal.com.br\\\/en\\\/informativo\\\/cocal-marca-presenca-no-geo-day-2025-evento-voltado-ao-setor-de-energia-biogas-e-biocombustiveis\\\/\",\"url\":\"https:\\\/\\\/www.cocal.com.br\\\/en\\\/informativo\\\/cocal-marca-presenca-no-geo-day-2025-evento-voltado-ao-setor-de-energia-biogas-e-biocombustiveis\\\/\",\"name\":\"Cocal marca presen\u00e7a no Geo Day 2025, evento voltado ao setor de energia, biog\u00e1s e biocombust\u00edveis - Cocal\",\"isPartOf\":{\"@id\":\"https:\\\/\\\/www.cocal.com.br\\\/en\\\/#website\"},\"primaryImageOfPage\":{\"@id\":\"https:\\\/\\\/www.cocal.com.br\\\/en\\\/informativo\\\/cocal-marca-presenca-no-geo-day-2025-evento-voltado-ao-setor-de-energia-biogas-e-biocombustiveis\\\/#primaryimage\"},\"image\":{\"@id\":\"https:\\\/\\\/www.cocal.com.br\\\/en\\\/informativo\\\/cocal-marca-presenca-no-geo-day-2025-evento-voltado-ao-setor-de-energia-biogas-e-biocombustiveis\\\/#primaryimage\"},\"thumbnailUrl\":\"https:\\\/\\\/cocal-institucional-prd.s3.sa-east-1.amazonaws.com\\\/app\\\/uploads\\\/2025\\\/06\\\/GEO02168-_1_-1.webp\",\"datePublished\":\"2025-06-27T19:43:33+00:00\",\"dateModified\":\"2025-06-30T11:08:55+00:00\",\"breadcrumb\":{\"@id\":\"https:\\\/\\\/www.cocal.com.br\\\/en\\\/informativo\\\/cocal-marca-presenca-no-geo-day-2025-evento-voltado-ao-setor-de-energia-biogas-e-biocombustiveis\\\/#breadcrumb\"},\"inLanguage\":\"en-US\",\"potentialAction\":[{\"@type\":\"ReadAction\",\"target\":[\"https:\\\/\\\/www.cocal.com.br\\\/en\\\/informativo\\\/cocal-marca-presenca-no-geo-day-2025-evento-voltado-ao-setor-de-energia-biogas-e-biocombustiveis\\\/\"]}]},{\"@type\":\"ImageObject\",\"inLanguage\":\"en-US\",\"@id\":\"https:\\\/\\\/www.cocal.com.br\\\/en\\\/informativo\\\/cocal-marca-presenca-no-geo-day-2025-evento-voltado-ao-setor-de-energia-biogas-e-biocombustiveis\\\/#primaryimage\",\"url\":\"https:\\\/\\\/cocal-institucional-prd.s3.sa-east-1.amazonaws.com\\\/app\\\/uploads\\\/2025\\\/06\\\/GEO02168-_1_-1.webp\",\"contentUrl\":\"https:\\\/\\\/cocal-institucional-prd.s3.sa-east-1.amazonaws.com\\\/app\\\/uploads\\\/2025\\\/06\\\/GEO02168-_1_-1.webp\",\"width\":3595,\"height\":2397},{\"@type\":\"BreadcrumbList\",\"@id\":\"https:\\\/\\\/www.cocal.com.br\\\/en\\\/informativo\\\/cocal-marca-presenca-no-geo-day-2025-evento-voltado-ao-setor-de-energia-biogas-e-biocombustiveis\\\/#breadcrumb\",\"itemListElement\":[{\"@type\":\"ListItem\",\"position\":1,\"name\":\"In\u00edcio\",\"item\":\"https:\\\/\\\/www.cocal.com.br\\\/en\\\/\"},{\"@type\":\"ListItem\",\"position\":2,\"name\":\"Informativo\",\"item\":\"https:\\\/\\\/www.cocal.com.br\\\/en\\\/informativo\\\/\"},{\"@type\":\"ListItem\",\"position\":3,\"name\":\"Cocal marca presen\u00e7a no Geo Day 2025, evento voltado ao setor de energia, biog\u00e1s e biocombust\u00edveis\"}]},{\"@type\":\"WebSite\",\"@id\":\"https:\\\/\\\/www.cocal.com.br\\\/en\\\/#website\",\"url\":\"https:\\\/\\\/www.cocal.com.br\\\/en\\\/\",\"name\":\"Cocal\",\"description\":\"Portal Institucional\",\"potentialAction\":[{\"@type\":\"SearchAction\",\"target\":{\"@type\":\"EntryPoint\",\"urlTemplate\":\"https:\\\/\\\/www.cocal.com.br\\\/en\\\/?s={search_term_string}\"},\"query-input\":{\"@type\":\"PropertyValueSpecification\",\"valueRequired\":true,\"valueName\":\"search_term_string\"}}],\"inLanguage\":\"en-US\"}]}<\/script>\n<!-- \/ Yoast SEO plugin. -->","yoast_head_json":{"title":"Cocal marca presen\u00e7a no Geo Day 2025, evento voltado ao setor de energia, biog\u00e1s e biocombust\u00edveis - Cocal","robots":{"index":"index","follow":"follow","max-snippet":"max-snippet:-1","max-image-preview":"max-image-preview:large","max-video-preview":"max-video-preview:-1"},"canonical":"https:\/\/www.cocal.com.br\/en\/informativo\/cocal-marca-presenca-no-geo-day-2025-evento-voltado-ao-setor-de-energia-biogas-e-biocombustiveis\/","og_locale":"en_US","og_type":"article","og_title":"Cocal marca presen\u00e7a no Geo Day 2025, evento voltado ao setor de energia, biog\u00e1s e biocombust\u00edveis - Cocal","og_url":"https:\/\/www.cocal.com.br\/en\/informativo\/cocal-marca-presenca-no-geo-day-2025-evento-voltado-ao-setor-de-energia-biogas-e-biocombustiveis\/","og_site_name":"Cocal","article_modified_time":"2025-06-30T11:08:55+00:00","og_image":[{"width":3595,"height":2397,"url":"https:\/\/cocal-institucional-prd.s3.sa-east-1.amazonaws.com\/app\/uploads\/2025\/06\/GEO02168-_1_-1.webp","type":"image\/webp"}],"twitter_card":"summary_large_image","twitter_misc":{"Est. reading time":"1 minute"},"schema":{"@context":"https:\/\/schema.org","@graph":[{"@type":"WebPage","@id":"https:\/\/www.cocal.com.br\/en\/informativo\/cocal-marca-presenca-no-geo-day-2025-evento-voltado-ao-setor-de-energia-biogas-e-biocombustiveis\/","url":"https:\/\/www.cocal.com.br\/en\/informativo\/cocal-marca-presenca-no-geo-day-2025-evento-voltado-ao-setor-de-energia-biogas-e-biocombustiveis\/","name":"Cocal marca presen\u00e7a no Geo Day 2025, evento voltado ao setor de energia, biog\u00e1s e biocombust\u00edveis - Cocal","isPartOf":{"@id":"https:\/\/www.cocal.com.br\/en\/#website"},"primaryImageOfPage":{"@id":"https:\/\/www.cocal.com.br\/en\/informativo\/cocal-marca-presenca-no-geo-day-2025-evento-voltado-ao-setor-de-energia-biogas-e-biocombustiveis\/#primaryimage"},"image":{"@id":"https:\/\/www.cocal.com.br\/en\/informativo\/cocal-marca-presenca-no-geo-day-2025-evento-voltado-ao-setor-de-energia-biogas-e-biocombustiveis\/#primaryimage"},"thumbnailUrl":"https:\/\/cocal-institucional-prd.s3.sa-east-1.amazonaws.com\/app\/uploads\/2025\/06\/GEO02168-_1_-1.webp","datePublished":"2025-06-27T19:43:33+00:00","dateModified":"2025-06-30T11:08:55+00:00","breadcrumb":{"@id":"https:\/\/www.cocal.com.br\/en\/informativo\/cocal-marca-presenca-no-geo-day-2025-evento-voltado-ao-setor-de-energia-biogas-e-biocombustiveis\/#breadcrumb"},"inLanguage":"en-US","potentialAction":[{"@type":"ReadAction","target":["https:\/\/www.cocal.com.br\/en\/informativo\/cocal-marca-presenca-no-geo-day-2025-evento-voltado-ao-setor-de-energia-biogas-e-biocombustiveis\/"]}]},{"@type":"ImageObject","inLanguage":"en-US","@id":"https:\/\/www.cocal.com.br\/en\/informativo\/cocal-marca-presenca-no-geo-day-2025-evento-voltado-ao-setor-de-energia-biogas-e-biocombustiveis\/#primaryimage","url":"https:\/\/cocal-institucional-prd.s3.sa-east-1.amazonaws.com\/app\/uploads\/2025\/06\/GEO02168-_1_-1.webp","contentUrl":"https:\/\/cocal-institucional-prd.s3.sa-east-1.amazonaws.com\/app\/uploads\/2025\/06\/GEO02168-_1_-1.webp","width":3595,"height":2397},{"@type":"BreadcrumbList","@id":"https:\/\/www.cocal.com.br\/en\/informativo\/cocal-marca-presenca-no-geo-day-2025-evento-voltado-ao-setor-de-energia-biogas-e-biocombustiveis\/#breadcrumb","itemListElement":[{"@type":"ListItem","position":1,"name":"In\u00edcio","item":"https:\/\/www.cocal.com.br\/en\/"},{"@type":"ListItem","position":2,"name":"Informativo","item":"https:\/\/www.cocal.com.br\/en\/informativo\/"},{"@type":"ListItem","position":3,"name":"Cocal marca presen\u00e7a no Geo Day 2025, evento voltado ao setor de energia, biog\u00e1s e biocombust\u00edveis"}]},{"@type":"WebSite","@id":"https:\/\/www.cocal.com.br\/en\/#website","url":"https:\/\/www.cocal.com.br\/en\/","name":"Cocal","description":"Portal Institucional","potentialAction":[{"@type":"SearchAction","target":{"@type":"EntryPoint","urlTemplate":"https:\/\/www.cocal.com.br\/en\/?s={search_term_string}"},"query-input":{"@type":"PropertyValueSpecification","valueRequired":true,"valueName":"search_term_string"}}],"inLanguage":"en-US"}]}},"_links":{"self":[{"href":"https:\/\/www.cocal.com.br\/en\/wp-json\/wp\/v2\/informativo\/7795","targetHints":{"allow":["GET"]}}],"collection":[{"href":"https:\/\/www.cocal.com.br\/en\/wp-json\/wp\/v2\/informativo"}],"about":[{"href":"https:\/\/www.cocal.com.br\/en\/wp-json\/wp\/v2\/types\/informativo"}],"author":[{"embeddable":true,"href":"https:\/\/www.cocal.com.br\/en\/wp-json\/wp\/v2\/users\/7"}],"wp:featuredmedia":[{"embeddable":true,"href":"https:\/\/www.cocal.com.br\/en\/wp-json\/wp\/v2\/media\/7796"}],"wp:attachment":[{"href":"https:\/\/www.cocal.com.br\/en\/wp-json\/wp\/v2\/media?parent=7795"}],"wp:term":[{"taxonomy":"categoria_de_informativo","embeddable":true,"href":"https:\/\/www.cocal.com.br\/en\/wp-json\/wp\/v2\/categoria_de_informativo?post=7795"}],"curies":[{"name":"wp","href":"https:\/\/api.w.org\/{rel}","templated":true}]}}

Cocal marca presença no Geo Day 2025, evento voltado ao setor de energia, biogás e biocombustíveis

<!-- This site is optimized with the Yoast SEO plugin v27.4 - https://yoast.com/product/yoast-seo-wordpress/ -->
<title>Cocal marca presença no Geo Day 2025, evento voltado ao setor de energia, biogás e biocombustíveis - Cocal</title>
<meta name="robots" content="index, follow, max-snippet:-1, max-image-preview:large, max-video-preview:-1" />
<link rel="canonical" href="https://www.cocal.com.br/en/informativo/cocal-marca-presenca-no-geo-day-2025-evento-voltado-ao-setor-de-energia-biogas-e-biocombustiveis/" />
<meta property="og:locale" content="en_US" />
<meta property="og:type" content="article" />
<meta property="og:title" content="Cocal marca presença no Geo Day 2025, evento voltado ao setor de energia, biogás e biocombustíveis - Cocal" />
<meta property="og:url" content="https://www.cocal.com.br/en/informativo/cocal-marca-presenca-no-geo-day-2025-evento-voltado-ao-setor-de-energia-biogas-e-biocombustiveis/" />
<meta property="og:site_name" content="Cocal" />
<meta property="article:modified_time" content="2025-06-30T11:08:55+00:00" />
<meta property="og:image" content="https://cocal-institucional-prd.s3.sa-east-1.amazonaws.com/app/uploads/2025/06/GEO02168-_1_-1.webp" />
	<meta property="og:image:width" content="3595" />
	<meta property="og:image:height" content="2397" />
	<meta property="og:image:type" content="image/webp" />
<meta name="twitter:card" content="summary_large_image" />
<meta name="twitter:label1" content="Est. reading time" />
	<meta name="twitter:data1" content="1 minute" />
<script type="application/ld+json" class="yoast-schema-graph">{"@context":"https:\/\/schema.org","@graph":[{"@type":"WebPage","@id":"https:\/\/www.cocal.com.br\/en\/informativo\/cocal-marca-presenca-no-geo-day-2025-evento-voltado-ao-setor-de-energia-biogas-e-biocombustiveis\/","url":"https:\/\/www.cocal.com.br\/en\/informativo\/cocal-marca-presenca-no-geo-day-2025-evento-voltado-ao-setor-de-energia-biogas-e-biocombustiveis\/","name":"Cocal marca presença no Geo Day 2025, evento voltado ao setor de energia, biogás e biocombustíveis - Cocal","isPartOf":{"@id":"https:\/\/www.cocal.com.br\/en\/#website"},"primaryImageOfPage":{"@id":"https:\/\/www.cocal.com.br\/en\/informativo\/cocal-marca-presenca-no-geo-day-2025-evento-voltado-ao-setor-de-energia-biogas-e-biocombustiveis\/#primaryimage"},"image":{"@id":"https:\/\/www.cocal.com.br\/en\/informativo\/cocal-marca-presenca-no-geo-day-2025-evento-voltado-ao-setor-de-energia-biogas-e-biocombustiveis\/#primaryimage"},"thumbnailUrl":"https:\/\/cocal-institucional-prd.s3.sa-east-1.amazonaws.com\/app\/uploads\/2025\/06\/GEO02168-_1_-1.webp","datePublished":"2025-06-27T19:43:33+00:00","dateModified":"2025-06-30T11:08:55+00:00","breadcrumb":{"@id":"https:\/\/www.cocal.com.br\/en\/informativo\/cocal-marca-presenca-no-geo-day-2025-evento-voltado-ao-setor-de-energia-biogas-e-biocombustiveis\/#breadcrumb"},"inLanguage":"en-US","potentialAction":[{"@type":"ReadAction","target":["https:\/\/www.cocal.com.br\/en\/informativo\/cocal-marca-presenca-no-geo-day-2025-evento-voltado-ao-setor-de-energia-biogas-e-biocombustiveis\/"]}]},{"@type":"ImageObject","inLanguage":"en-US","@id":"https:\/\/www.cocal.com.br\/en\/informativo\/cocal-marca-presenca-no-geo-day-2025-evento-voltado-ao-setor-de-energia-biogas-e-biocombustiveis\/#primaryimage","url":"https:\/\/cocal-institucional-prd.s3.sa-east-1.amazonaws.com\/app\/uploads\/2025\/06\/GEO02168-_1_-1.webp","contentUrl":"https:\/\/cocal-institucional-prd.s3.sa-east-1.amazonaws.com\/app\/uploads\/2025\/06\/GEO02168-_1_-1.webp","width":3595,"height":2397},{"@type":"BreadcrumbList","@id":"https:\/\/www.cocal.com.br\/en\/informativo\/cocal-marca-presenca-no-geo-day-2025-evento-voltado-ao-setor-de-energia-biogas-e-biocombustiveis\/#breadcrumb","itemListElement":[{"@type":"ListItem","position":1,"name":"Início","item":"https:\/\/www.cocal.com.br\/en\/"},{"@type":"ListItem","position":2,"name":"Informativo","item":"https:\/\/www.cocal.com.br\/en\/informativo\/"},{"@type":"ListItem","position":3,"name":"Cocal marca presença no Geo Day 2025, evento voltado ao setor de energia, biogás e biocombustíveis"}]},{"@type":"WebSite","@id":"https:\/\/www.cocal.com.br\/en\/#website","url":"https:\/\/www.cocal.com.br\/en\/","name":"Cocal","description":"Portal Institucional","potentialAction":[{"@type":"SearchAction","target":{"@type":"EntryPoint","urlTemplate":"https:\/\/www.cocal.com.br\/en\/?s={search_term_string}"},"query-input":{"@type":"PropertyValueSpecification","valueRequired":true,"valueName":"search_term_string"}}],"inLanguage":"en-US"}]}</script>
<!-- / Yoast SEO plugin. -->

Cocal marca presença no Geo Day 2025, evento voltado ao setor de energia, biogás e biocombustíveis - Cocal

Início
