{"id":7902,"date":"2025-07-18T11:32:41","date_gmt":"2025-07-18T14:32:41","guid":{"rendered":"https:\/\/www.cocal.com.br\/?post_type=informativo&#038;p=7902"},"modified":"2025-07-18T11:32:41","modified_gmt":"2025-07-18T14:32:41","slug":"cocal-e-eleita-usina-destaque-da-14a-edicao-do-premio-visao-agro-centro-sul","status":"publish","type":"informativo","link":"https:\/\/www.cocal.com.br\/en\/informativo\/cocal-e-eleita-usina-destaque-da-14a-edicao-do-premio-visao-agro-centro-sul\/","title":{"rendered":"Cocal \u00e9 eleita \u201cUsina Destaque\u201d da 14\u00aa edi\u00e7\u00e3o do Pr\u00eamio Vis\u00e3o Agro Centro-Sul"},"content":{"rendered":"","protected":false},"author":7,"featured_media":7898,"template":"","meta":{"_acf_changed":false},"categoria_de_informativo":[38],"class_list":["post-7902","informativo","type-informativo","status-publish","has-post-thumbnail","hentry","categoria_de_informativo-nosso-negocio"],"acf":[],"yoast_head":"<!-- This site is optimized with the Yoast SEO plugin v27.4 - https:\/\/yoast.com\/product\/yoast-seo-wordpress\/ -->\n<title>Cocal \u00e9 eleita \u201cUsina Destaque\u201d da 14\u00aa edi\u00e7\u00e3o do Pr\u00eamio Vis\u00e3o Agro Centro-Sul - Cocal<\/title>\n<meta name=\"robots\" content=\"index, follow, max-snippet:-1, max-image-preview:large, max-video-preview:-1\" \/>\n<link rel=\"canonical\" href=\"https:\/\/www.cocal.com.br\/en\/informativo\/cocal-e-eleita-usina-destaque-da-14a-edicao-do-premio-visao-agro-centro-sul\/\" \/>\n<meta property=\"og:locale\" content=\"en_US\" \/>\n<meta property=\"og:type\" content=\"article\" \/>\n<meta property=\"og:title\" content=\"Cocal \u00e9 eleita \u201cUsina Destaque\u201d da 14\u00aa edi\u00e7\u00e3o do Pr\u00eamio Vis\u00e3o Agro Centro-Sul - Cocal\" \/>\n<meta property=\"og:url\" content=\"https:\/\/www.cocal.com.br\/en\/informativo\/cocal-e-eleita-usina-destaque-da-14a-edicao-do-premio-visao-agro-centro-sul\/\" \/>\n<meta property=\"og:site_name\" content=\"Cocal\" \/>\n<meta property=\"og:image\" content=\"https:\/\/cocal-institucional-prd.s3.sa-east-1.amazonaws.com\/app\/uploads\/2025\/07\/Cocal-Premio-Visao-Agro-Centro-Sul-1024x683.jpg\" \/>\n\t<meta property=\"og:image:width\" content=\"1024\" \/>\n\t<meta property=\"og:image:height\" content=\"683\" \/>\n\t<meta property=\"og:image:type\" content=\"image\/jpeg\" \/>\n<meta name=\"twitter:card\" content=\"summary_large_image\" \/>\n<meta name=\"twitter:label1\" content=\"Est. reading time\" \/>\n\t<meta name=\"twitter:data1\" content=\"1 minute\" \/>\n<script type=\"application\/ld+json\" class=\"yoast-schema-graph\">{\"@context\":\"https:\\\/\\\/schema.org\",\"@graph\":[{\"@type\":\"WebPage\",\"@id\":\"https:\\\/\\\/www.cocal.com.br\\\/en\\\/informativo\\\/cocal-e-eleita-usina-destaque-da-14a-edicao-do-premio-visao-agro-centro-sul\\\/\",\"url\":\"https:\\\/\\\/www.cocal.com.br\\\/en\\\/informativo\\\/cocal-e-eleita-usina-destaque-da-14a-edicao-do-premio-visao-agro-centro-sul\\\/\",\"name\":\"Cocal \u00e9 eleita \u201cUsina Destaque\u201d da 14\u00aa edi\u00e7\u00e3o do Pr\u00eamio Vis\u00e3o Agro Centro-Sul - Cocal\",\"isPartOf\":{\"@id\":\"https:\\\/\\\/www.cocal.com.br\\\/en\\\/#website\"},\"primaryImageOfPage\":{\"@id\":\"https:\\\/\\\/www.cocal.com.br\\\/en\\\/informativo\\\/cocal-e-eleita-usina-destaque-da-14a-edicao-do-premio-visao-agro-centro-sul\\\/#primaryimage\"},\"image\":{\"@id\":\"https:\\\/\\\/www.cocal.com.br\\\/en\\\/informativo\\\/cocal-e-eleita-usina-destaque-da-14a-edicao-do-premio-visao-agro-centro-sul\\\/#primaryimage\"},\"thumbnailUrl\":\"https:\\\/\\\/cocal-institucional-prd.s3.sa-east-1.amazonaws.com\\\/app\\\/uploads\\\/2025\\\/07\\\/Cocal-Premio-Visao-Agro-Centro-Sul.jpg\",\"datePublished\":\"2025-07-18T14:32:41+00:00\",\"breadcrumb\":{\"@id\":\"https:\\\/\\\/www.cocal.com.br\\\/en\\\/informativo\\\/cocal-e-eleita-usina-destaque-da-14a-edicao-do-premio-visao-agro-centro-sul\\\/#breadcrumb\"},\"inLanguage\":\"en-US\",\"potentialAction\":[{\"@type\":\"ReadAction\",\"target\":[\"https:\\\/\\\/www.cocal.com.br\\\/en\\\/informativo\\\/cocal-e-eleita-usina-destaque-da-14a-edicao-do-premio-visao-agro-centro-sul\\\/\"]}]},{\"@type\":\"ImageObject\",\"inLanguage\":\"en-US\",\"@id\":\"https:\\\/\\\/www.cocal.com.br\\\/en\\\/informativo\\\/cocal-e-eleita-usina-destaque-da-14a-edicao-do-premio-visao-agro-centro-sul\\\/#primaryimage\",\"url\":\"https:\\\/\\\/cocal-institucional-prd.s3.sa-east-1.amazonaws.com\\\/app\\\/uploads\\\/2025\\\/07\\\/Cocal-Premio-Visao-Agro-Centro-Sul.jpg\",\"contentUrl\":\"https:\\\/\\\/cocal-institucional-prd.s3.sa-east-1.amazonaws.com\\\/app\\\/uploads\\\/2025\\\/07\\\/Cocal-Premio-Visao-Agro-Centro-Sul.jpg\",\"width\":6000,\"height\":4000},{\"@type\":\"BreadcrumbList\",\"@id\":\"https:\\\/\\\/www.cocal.com.br\\\/en\\\/informativo\\\/cocal-e-eleita-usina-destaque-da-14a-edicao-do-premio-visao-agro-centro-sul\\\/#breadcrumb\",\"itemListElement\":[{\"@type\":\"ListItem\",\"position\":1,\"name\":\"In\u00edcio\",\"item\":\"https:\\\/\\\/www.cocal.com.br\\\/en\\\/\"},{\"@type\":\"ListItem\",\"position\":2,\"name\":\"Informativo\",\"item\":\"https:\\\/\\\/www.cocal.com.br\\\/en\\\/informativo\\\/\"},{\"@type\":\"ListItem\",\"position\":3,\"name\":\"Cocal \u00e9 eleita \u201cUsina Destaque\u201d da 14\u00aa edi\u00e7\u00e3o do Pr\u00eamio Vis\u00e3o Agro Centro-Sul\"}]},{\"@type\":\"WebSite\",\"@id\":\"https:\\\/\\\/www.cocal.com.br\\\/en\\\/#website\",\"url\":\"https:\\\/\\\/www.cocal.com.br\\\/en\\\/\",\"name\":\"Cocal\",\"description\":\"Portal Institucional\",\"potentialAction\":[{\"@type\":\"SearchAction\",\"target\":{\"@type\":\"EntryPoint\",\"urlTemplate\":\"https:\\\/\\\/www.cocal.com.br\\\/en\\\/?s={search_term_string}\"},\"query-input\":{\"@type\":\"PropertyValueSpecification\",\"valueRequired\":true,\"valueName\":\"search_term_string\"}}],\"inLanguage\":\"en-US\"}]}<\/script>\n<!-- \/ Yoast SEO plugin. -->","yoast_head_json":{"title":"Cocal \u00e9 eleita \u201cUsina Destaque\u201d da 14\u00aa edi\u00e7\u00e3o do Pr\u00eamio Vis\u00e3o Agro Centro-Sul - Cocal","robots":{"index":"index","follow":"follow","max-snippet":"max-snippet:-1","max-image-preview":"max-image-preview:large","max-video-preview":"max-video-preview:-1"},"canonical":"https:\/\/www.cocal.com.br\/en\/informativo\/cocal-e-eleita-usina-destaque-da-14a-edicao-do-premio-visao-agro-centro-sul\/","og_locale":"en_US","og_type":"article","og_title":"Cocal \u00e9 eleita \u201cUsina Destaque\u201d da 14\u00aa edi\u00e7\u00e3o do Pr\u00eamio Vis\u00e3o Agro Centro-Sul - Cocal","og_url":"https:\/\/www.cocal.com.br\/en\/informativo\/cocal-e-eleita-usina-destaque-da-14a-edicao-do-premio-visao-agro-centro-sul\/","og_site_name":"Cocal","og_image":[{"width":1024,"height":683,"url":"https:\/\/cocal-institucional-prd.s3.sa-east-1.amazonaws.com\/app\/uploads\/2025\/07\/Cocal-Premio-Visao-Agro-Centro-Sul-1024x683.jpg","type":"image\/jpeg"}],"twitter_card":"summary_large_image","twitter_misc":{"Est. reading time":"1 minute"},"schema":{"@context":"https:\/\/schema.org","@graph":[{"@type":"WebPage","@id":"https:\/\/www.cocal.com.br\/en\/informativo\/cocal-e-eleita-usina-destaque-da-14a-edicao-do-premio-visao-agro-centro-sul\/","url":"https:\/\/www.cocal.com.br\/en\/informativo\/cocal-e-eleita-usina-destaque-da-14a-edicao-do-premio-visao-agro-centro-sul\/","name":"Cocal \u00e9 eleita \u201cUsina Destaque\u201d da 14\u00aa edi\u00e7\u00e3o do Pr\u00eamio Vis\u00e3o Agro Centro-Sul - Cocal","isPartOf":{"@id":"https:\/\/www.cocal.com.br\/en\/#website"},"primaryImageOfPage":{"@id":"https:\/\/www.cocal.com.br\/en\/informativo\/cocal-e-eleita-usina-destaque-da-14a-edicao-do-premio-visao-agro-centro-sul\/#primaryimage"},"image":{"@id":"https:\/\/www.cocal.com.br\/en\/informativo\/cocal-e-eleita-usina-destaque-da-14a-edicao-do-premio-visao-agro-centro-sul\/#primaryimage"},"thumbnailUrl":"https:\/\/cocal-institucional-prd.s3.sa-east-1.amazonaws.com\/app\/uploads\/2025\/07\/Cocal-Premio-Visao-Agro-Centro-Sul.jpg","datePublished":"2025-07-18T14:32:41+00:00","breadcrumb":{"@id":"https:\/\/www.cocal.com.br\/en\/informativo\/cocal-e-eleita-usina-destaque-da-14a-edicao-do-premio-visao-agro-centro-sul\/#breadcrumb"},"inLanguage":"en-US","potentialAction":[{"@type":"ReadAction","target":["https:\/\/www.cocal.com.br\/en\/informativo\/cocal-e-eleita-usina-destaque-da-14a-edicao-do-premio-visao-agro-centro-sul\/"]}]},{"@type":"ImageObject","inLanguage":"en-US","@id":"https:\/\/www.cocal.com.br\/en\/informativo\/cocal-e-eleita-usina-destaque-da-14a-edicao-do-premio-visao-agro-centro-sul\/#primaryimage","url":"https:\/\/cocal-institucional-prd.s3.sa-east-1.amazonaws.com\/app\/uploads\/2025\/07\/Cocal-Premio-Visao-Agro-Centro-Sul.jpg","contentUrl":"https:\/\/cocal-institucional-prd.s3.sa-east-1.amazonaws.com\/app\/uploads\/2025\/07\/Cocal-Premio-Visao-Agro-Centro-Sul.jpg","width":6000,"height":4000},{"@type":"BreadcrumbList","@id":"https:\/\/www.cocal.com.br\/en\/informativo\/cocal-e-eleita-usina-destaque-da-14a-edicao-do-premio-visao-agro-centro-sul\/#breadcrumb","itemListElement":[{"@type":"ListItem","position":1,"name":"In\u00edcio","item":"https:\/\/www.cocal.com.br\/en\/"},{"@type":"ListItem","position":2,"name":"Informativo","item":"https:\/\/www.cocal.com.br\/en\/informativo\/"},{"@type":"ListItem","position":3,"name":"Cocal \u00e9 eleita \u201cUsina Destaque\u201d da 14\u00aa edi\u00e7\u00e3o do Pr\u00eamio Vis\u00e3o Agro Centro-Sul"}]},{"@type":"WebSite","@id":"https:\/\/www.cocal.com.br\/en\/#website","url":"https:\/\/www.cocal.com.br\/en\/","name":"Cocal","description":"Portal Institucional","potentialAction":[{"@type":"SearchAction","target":{"@type":"EntryPoint","urlTemplate":"https:\/\/www.cocal.com.br\/en\/?s={search_term_string}"},"query-input":{"@type":"PropertyValueSpecification","valueRequired":true,"valueName":"search_term_string"}}],"inLanguage":"en-US"}]}},"_links":{"self":[{"href":"https:\/\/www.cocal.com.br\/en\/wp-json\/wp\/v2\/informativo\/7902","targetHints":{"allow":["GET"]}}],"collection":[{"href":"https:\/\/www.cocal.com.br\/en\/wp-json\/wp\/v2\/informativo"}],"about":[{"href":"https:\/\/www.cocal.com.br\/en\/wp-json\/wp\/v2\/types\/informativo"}],"author":[{"embeddable":true,"href":"https:\/\/www.cocal.com.br\/en\/wp-json\/wp\/v2\/users\/7"}],"wp:featuredmedia":[{"embeddable":true,"href":"https:\/\/www.cocal.com.br\/en\/wp-json\/wp\/v2\/media\/7898"}],"wp:attachment":[{"href":"https:\/\/www.cocal.com.br\/en\/wp-json\/wp\/v2\/media?parent=7902"}],"wp:term":[{"taxonomy":"categoria_de_informativo","embeddable":true,"href":"https:\/\/www.cocal.com.br\/en\/wp-json\/wp\/v2\/categoria_de_informativo?post=7902"}],"curies":[{"name":"wp","href":"https:\/\/api.w.org\/{rel}","templated":true}]}}

Cocal é eleita “Usina Destaque” da 14ª edição do Prêmio Visão Agro Centro-Sul

<!-- This site is optimized with the Yoast SEO plugin v27.4 - https://yoast.com/product/yoast-seo-wordpress/ -->
<title>Cocal é eleita “Usina Destaque” da 14ª edição do Prêmio Visão Agro Centro-Sul - Cocal</title>
<meta name="robots" content="index, follow, max-snippet:-1, max-image-preview:large, max-video-preview:-1" />
<link rel="canonical" href="https://www.cocal.com.br/en/informativo/cocal-e-eleita-usina-destaque-da-14a-edicao-do-premio-visao-agro-centro-sul/" />
<meta property="og:locale" content="en_US" />
<meta property="og:type" content="article" />
<meta property="og:title" content="Cocal é eleita “Usina Destaque” da 14ª edição do Prêmio Visão Agro Centro-Sul - Cocal" />
<meta property="og:url" content="https://www.cocal.com.br/en/informativo/cocal-e-eleita-usina-destaque-da-14a-edicao-do-premio-visao-agro-centro-sul/" />
<meta property="og:site_name" content="Cocal" />
<meta property="og:image" content="https://cocal-institucional-prd.s3.sa-east-1.amazonaws.com/app/uploads/2025/07/Cocal-Premio-Visao-Agro-Centro-Sul-1024x683.jpg" />
	<meta property="og:image:width" content="1024" />
	<meta property="og:image:height" content="683" />
	<meta property="og:image:type" content="image/jpeg" />
<meta name="twitter:card" content="summary_large_image" />
<meta name="twitter:label1" content="Est. reading time" />
	<meta name="twitter:data1" content="1 minute" />
<script type="application/ld+json" class="yoast-schema-graph">{"@context":"https:\/\/schema.org","@graph":[{"@type":"WebPage","@id":"https:\/\/www.cocal.com.br\/en\/informativo\/cocal-e-eleita-usina-destaque-da-14a-edicao-do-premio-visao-agro-centro-sul\/","url":"https:\/\/www.cocal.com.br\/en\/informativo\/cocal-e-eleita-usina-destaque-da-14a-edicao-do-premio-visao-agro-centro-sul\/","name":"Cocal é eleita “Usina Destaque” da 14ª edição do Prêmio Visão Agro Centro-Sul - Cocal","isPartOf":{"@id":"https:\/\/www.cocal.com.br\/en\/#website"},"primaryImageOfPage":{"@id":"https:\/\/www.cocal.com.br\/en\/informativo\/cocal-e-eleita-usina-destaque-da-14a-edicao-do-premio-visao-agro-centro-sul\/#primaryimage"},"image":{"@id":"https:\/\/www.cocal.com.br\/en\/informativo\/cocal-e-eleita-usina-destaque-da-14a-edicao-do-premio-visao-agro-centro-sul\/#primaryimage"},"thumbnailUrl":"https:\/\/cocal-institucional-prd.s3.sa-east-1.amazonaws.com\/app\/uploads\/2025\/07\/Cocal-Premio-Visao-Agro-Centro-Sul.jpg","datePublished":"2025-07-18T14:32:41+00:00","breadcrumb":{"@id":"https:\/\/www.cocal.com.br\/en\/informativo\/cocal-e-eleita-usina-destaque-da-14a-edicao-do-premio-visao-agro-centro-sul\/#breadcrumb"},"inLanguage":"en-US","potentialAction":[{"@type":"ReadAction","target":["https:\/\/www.cocal.com.br\/en\/informativo\/cocal-e-eleita-usina-destaque-da-14a-edicao-do-premio-visao-agro-centro-sul\/"]}]},{"@type":"ImageObject","inLanguage":"en-US","@id":"https:\/\/www.cocal.com.br\/en\/informativo\/cocal-e-eleita-usina-destaque-da-14a-edicao-do-premio-visao-agro-centro-sul\/#primaryimage","url":"https:\/\/cocal-institucional-prd.s3.sa-east-1.amazonaws.com\/app\/uploads\/2025\/07\/Cocal-Premio-Visao-Agro-Centro-Sul.jpg","contentUrl":"https:\/\/cocal-institucional-prd.s3.sa-east-1.amazonaws.com\/app\/uploads\/2025\/07\/Cocal-Premio-Visao-Agro-Centro-Sul.jpg","width":6000,"height":4000},{"@type":"BreadcrumbList","@id":"https:\/\/www.cocal.com.br\/en\/informativo\/cocal-e-eleita-usina-destaque-da-14a-edicao-do-premio-visao-agro-centro-sul\/#breadcrumb","itemListElement":[{"@type":"ListItem","position":1,"name":"Início","item":"https:\/\/www.cocal.com.br\/en\/"},{"@type":"ListItem","position":2,"name":"Informativo","item":"https:\/\/www.cocal.com.br\/en\/informativo\/"},{"@type":"ListItem","position":3,"name":"Cocal é eleita “Usina Destaque” da 14ª edição do Prêmio Visão Agro Centro-Sul"}]},{"@type":"WebSite","@id":"https:\/\/www.cocal.com.br\/en\/#website","url":"https:\/\/www.cocal.com.br\/en\/","name":"Cocal","description":"Portal Institucional","potentialAction":[{"@type":"SearchAction","target":{"@type":"EntryPoint","urlTemplate":"https:\/\/www.cocal.com.br\/en\/?s={search_term_string}"},"query-input":{"@type":"PropertyValueSpecification","valueRequired":true,"valueName":"search_term_string"}}],"inLanguage":"en-US"}]}</script>
<!-- / Yoast SEO plugin. -->

Cocal é eleita “Usina Destaque” da 14ª edição do Prêmio Visão Agro Centro-Sul - Cocal

Início
